{"id":40,"date":"2013-12-11T17:29:24","date_gmt":"2013-12-11T15:29:24","guid":{"rendered":"http:\/\/www.thomassen.de\/?page_id=40"},"modified":"2013-12-12T13:21:28","modified_gmt":"2013-12-12T11:21:28","slug":"beruf","status":"publish","type":"page","link":"https:\/\/www.thomassen.de\/?page_id=40","title":{"rendered":"Beruf"},"content":{"rendered":"<p style=\"font-family: Verdana, Arial, Helvetica, sans-serif; font-size: 18px;\">Der berufliche Werdegang von J\u00fcrgen Thoma\u00dfen beginnt bereits parallel zum Studium der Sozialwissenschaften, das er\u00a0als Diplom-Sozialwissenschaftler abgeschlossen hat. Besondere F\u00e4cherschwerpunkte waren: Soziologie, Methoden empirischer Sozialforschung und\u00a0Statistik. Weitere F\u00e4cher waren unter anderem auch Sozialp\u00e4dagogik und Sozialpsychologie.<\/p>\n<p style=\"font-family: Verdana, Arial, Helvetica, sans-serif; font-size: 18px;\">In der Forschungsstelle B\u00fcrgerbeteiligung an der\u00a0Bergischen Universit\u00e4t Wuppertal arbeitete er zun\u00e4chst als Planungsassistent bei verschiedenen B\u00fcrgerbeteiligungsverfahren nach dem Modell der &#8222;Planungszelle&#8220;. Dieses Modell ist ein von Prof. Peter C. Dienel (+ 2006) entwickeltes Verfahren der partizipativen Demokratie. Professor Dienel und Dr. Horst Bongardt betreuten auch seine Diplomarbeit.<\/p>\n<p style=\"font-family: Verdana, Arial, Helvetica, sans-serif; font-size: 18px;\">Im weiteren Verlauf seiner T\u00e4tigkeit fungierte er dort auch als Tagungsleiter und als Organisationsleiter bei verschiedenen Projekten.<\/p>\n<p style=\"font-family: Verdana, Arial, Helvetica, sans-serif; font-size: 18px;\">Nach dem Verlassen der Universit\u00e4t\u00a0blieb er der Projektarbeit treu und arbeitete anschlie\u00dfend in der\u00a0mittlerweile nicht mehr existierenden Akademie f\u00fcr gesellschaftliche Entwicklungsforschung, B\u00fcrgerbeteiligung und Politikberatung. Seit Mitte der 90er Jahre hat er hier auch Kontakte zu Schulen und Erfahrungen mit dem Einsatz Neuer Medien in Schulen gesammelt. Die Akademie hat f\u00fcr den Verein Schulen ans Netz e.V., deren damaliger Gesch\u00e4ftsf\u00fchrer Dr. Detlef Garbe war,\u00a0Veranstaltungen auf Messen, Kongressen, Parteitagen u.a.m. durchgef\u00fchrt. Sein pers\u00f6nliches Highlight war hier die Organisation eines Informationsstandes und einer Online-Zeitung, die gemeinsam mit Sch\u00fclerinnen und Sch\u00fclern eines Berliner Gymnasiums auf dem Sommerfest des Bundespr\u00e4sidenten a.D. Dr. Roman Herzog im Schloss Bellevue herausgegeben wurde.<\/p>\n<p style=\"font-family: Verdana, Arial, Helvetica, sans-serif; font-size: 18px;\"><img loading=\"lazy\" class=\"alignleft\" alt=\"\" src=\"http:\/\/www.thomassen.de\/wp-content\/uploads\/2013\/12\/beruf.jpg\" width=\"150\" height=\"200\" \/>Seit 2002\u00a0arbeitete er als Projektleiter im Beratungsb\u00fcro Dr. Garbe Consult in Leichlingen.\u00a0Ein Schwerpunkt seiner T\u00e4tigkeit\u00a0ist dort die Medienentwicklungsplanung und deren Umsetzung.<\/p>\n<p style=\"font-family: Verdana, Arial, Helvetica, sans-serif; font-size: 18px;\">2012 hat J\u00fcrgen Thoma\u00dfen sein eigenes Beratungsb\u00fcro in K\u00f6ln gegr\u00fcndet. Weitere Informationen dazu finden Sie auf der homepage des Beratungsb\u00fcros unter <a title=\"Thoma\u00dfen Consult\" href=\"http:\/\/www.thomassen-consult.de\">http:\/\/www.thomassen-consult.de<\/a><\/p>\n","protected":false},"excerpt":{"rendered":"<p>Der berufliche Werdegang von J\u00fcrgen Thoma\u00dfen beginnt bereits parallel zum Studium der Sozialwissenschaften, das er\u00a0als Diplom-Sozialwissenschaftler abgeschlossen hat. Besondere F\u00e4cherschwerpunkte waren: Soziologie, Methoden empirischer Sozialforschung und\u00a0Statistik. Weitere F\u00e4cher waren unter anderem auch Sozialp\u00e4dagogik und Sozialpsychologie. In der Forschungsstelle B\u00fcrgerbeteiligung an &hellip; <a href=\"https:\/\/www.thomassen.de\/?page_id=40\">Weiterlesen <span class=\"meta-nav\">&rarr;<\/span><\/a><\/p>\n","protected":false},"author":1,"featured_media":0,"parent":0,"menu_order":0,"comment_status":"closed","ping_status":"open","template":"","meta":[],"_links":{"self":[{"href":"https:\/\/www.thomassen.de\/index.php?rest_route=\/wp\/v2\/pages\/40"}],"collection":[{"href":"https:\/\/www.thomassen.de\/index.php?rest_route=\/wp\/v2\/pages"}],"about":[{"href":"https:\/\/www.thomassen.de\/index.php?rest_route=\/wp\/v2\/types\/page"}],"author":[{"embeddable":true,"href":"https:\/\/www.thomassen.de\/index.php?rest_route=\/wp\/v2\/users\/1"}],"replies":[{"embeddable":true,"href":"https:\/\/www.thomassen.de\/index.php?rest_route=%2Fwp%2Fv2%2Fcomments&post=40"}],"version-history":[{"count":10,"href":"https:\/\/www.thomassen.de\/index.php?rest_route=\/wp\/v2\/pages\/40\/revisions"}],"predecessor-version":[{"id":154,"href":"https:\/\/www.thomassen.de\/index.php?rest_route=\/wp\/v2\/pages\/40\/revisions\/154"}],"wp:attachment":[{"href":"https:\/\/www.thomassen.de\/index.php?rest_route=%2Fwp%2Fv2%2Fmedia&parent=40"}],"curies":[{"name":"wp","href":"https:\/\/api.w.org\/{rel}","templated":true}]}}